{"id":539,"date":"2017-08-22T09:33:59","date_gmt":"2017-08-22T07:33:59","guid":{"rendered":"http:\/\/maja.kwintesencja.com.pl\/?page_id=539"},"modified":"2017-12-26T16:42:41","modified_gmt":"2017-12-26T15:42:41","slug":"map","status":"publish","type":"page","link":"https:\/\/www.20000miles.pl\/index.php\/map\/","title":{"rendered":"MAP"},"content":{"rendered":"<div class=\"mpl-content-wrap\"><p style=\"text-align: center;\">You can find us on the map:<\/p>\n<p style=\"text-align: center;\"><iframe loading=\"lazy\" src=\"https:\/\/www.tripline.net\/map?tripId=4057054771211013BB1F9885AC0AE6C5&amp;onSite=0\" width=\"512\" height=\"288\" frameborder=\"0\" allowfullscreen=\"allowfullscreen\"><\/iframe><\/p>\n<\/div>","protected":false},"excerpt":{"rendered":"<p>You can find us on the map:<\/p>\n","protected":false},"author":2,"featured_media":0,"parent":0,"menu_order":0,"comment_status":"closed","ping_status":"closed","template":"","meta":{"footnotes":""},"class_list":["post-539","page","type-page","status-publish","hentry"],"yoast_head":"<!-- This site is optimized with the Yoast SEO plugin v26.6 - https:\/\/yoast.com\/wordpress\/plugins\/seo\/ -->\n<title>MAP - 20 000 Miles<\/title>\n<meta name=\"robots\" content=\"index, follow, max-snippet:-1, max-image-preview:large, max-video-preview:-1\" \/>\n<link rel=\"canonical\" href=\"https:\/\/www.20000miles.pl\/index.php\/map\/\" \/>\n<meta property=\"og:locale\" content=\"pl_PL\" \/>\n<meta property=\"og:type\" content=\"article\" \/>\n<meta property=\"og:title\" content=\"MAP - 20 000 Miles\" \/>\n<meta property=\"og:description\" content=\"You can find us on the map:\" \/>\n<meta property=\"og:url\" content=\"https:\/\/www.20000miles.pl\/index.php\/map\/\" \/>\n<meta property=\"og:site_name\" content=\"20 000 Miles\" \/>\n<meta property=\"article:modified_time\" content=\"2017-12-26T15:42:41+00:00\" \/>\n<meta name=\"twitter:card\" content=\"summary_large_image\" \/>\n<script type=\"application\/ld+json\" class=\"yoast-schema-graph\">{\"@context\":\"https:\/\/schema.org\",\"@graph\":[{\"@type\":\"WebPage\",\"@id\":\"https:\/\/www.20000miles.pl\/index.php\/map\/\",\"url\":\"https:\/\/www.20000miles.pl\/index.php\/map\/\",\"name\":\"MAP - 20 000 Miles\",\"isPartOf\":{\"@id\":\"https:\/\/www.20000miles.pl\/#website\"},\"datePublished\":\"2017-08-22T07:33:59+00:00\",\"dateModified\":\"2017-12-26T15:42:41+00:00\",\"breadcrumb\":{\"@id\":\"https:\/\/www.20000miles.pl\/index.php\/map\/#breadcrumb\"},\"inLanguage\":\"pl-PL\",\"potentialAction\":[{\"@type\":\"ReadAction\",\"target\":[\"https:\/\/www.20000miles.pl\/index.php\/map\/\"]}]},{\"@type\":\"BreadcrumbList\",\"@id\":\"https:\/\/www.20000miles.pl\/index.php\/map\/#breadcrumb\",\"itemListElement\":[{\"@type\":\"ListItem\",\"position\":1,\"name\":\"Strona g\u0142\u00f3wna\",\"item\":\"https:\/\/www.20000miles.pl\/\"},{\"@type\":\"ListItem\",\"position\":2,\"name\":\"MAP\"}]},{\"@type\":\"WebSite\",\"@id\":\"https:\/\/www.20000miles.pl\/#website\",\"url\":\"https:\/\/www.20000miles.pl\/\",\"name\":\"20 000 Miles | Rodzina w podr\u00f3\u017cy dooko\u0142a \u015bwiata\",\"description\":\"Family traveling around the world\",\"publisher\":{\"@id\":\"https:\/\/www.20000miles.pl\/#\/schema\/person\/f6b5fd54d8ee81b37e07fbf618d226d2\"},\"potentialAction\":[{\"@type\":\"SearchAction\",\"target\":{\"@type\":\"EntryPoint\",\"urlTemplate\":\"https:\/\/www.20000miles.pl\/?s={search_term_string}\"},\"query-input\":{\"@type\":\"PropertyValueSpecification\",\"valueRequired\":true,\"valueName\":\"search_term_string\"}}],\"inLanguage\":\"pl-PL\"},{\"@type\":[\"Person\",\"Organization\"],\"@id\":\"https:\/\/www.20000miles.pl\/#\/schema\/person\/f6b5fd54d8ee81b37e07fbf618d226d2\",\"name\":\"Maja\",\"image\":{\"@type\":\"ImageObject\",\"inLanguage\":\"pl-PL\",\"@id\":\"https:\/\/www.20000miles.pl\/#\/schema\/person\/image\/\",\"url\":\"https:\/\/secure.gravatar.com\/avatar\/2e607e380d513b69aaf75f81872193d84769829b0b287528fc01d65e3292e90f?s=96&d=mm&r=g\",\"contentUrl\":\"https:\/\/secure.gravatar.com\/avatar\/2e607e380d513b69aaf75f81872193d84769829b0b287528fc01d65e3292e90f?s=96&d=mm&r=g\",\"caption\":\"Maja\"},\"logo\":{\"@id\":\"https:\/\/www.20000miles.pl\/#\/schema\/person\/image\/\"}}]}<\/script>\n<!-- \/ Yoast SEO plugin. -->","yoast_head_json":{"title":"MAP - 20 000 Miles","robots":{"index":"index","follow":"follow","max-snippet":"max-snippet:-1","max-image-preview":"max-image-preview:large","max-video-preview":"max-video-preview:-1"},"canonical":"https:\/\/www.20000miles.pl\/index.php\/map\/","og_locale":"pl_PL","og_type":"article","og_title":"MAP - 20 000 Miles","og_description":"You can find us on the map:","og_url":"https:\/\/www.20000miles.pl\/index.php\/map\/","og_site_name":"20 000 Miles","article_modified_time":"2017-12-26T15:42:41+00:00","twitter_card":"summary_large_image","schema":{"@context":"https:\/\/schema.org","@graph":[{"@type":"WebPage","@id":"https:\/\/www.20000miles.pl\/index.php\/map\/","url":"https:\/\/www.20000miles.pl\/index.php\/map\/","name":"MAP - 20 000 Miles","isPartOf":{"@id":"https:\/\/www.20000miles.pl\/#website"},"datePublished":"2017-08-22T07:33:59+00:00","dateModified":"2017-12-26T15:42:41+00:00","breadcrumb":{"@id":"https:\/\/www.20000miles.pl\/index.php\/map\/#breadcrumb"},"inLanguage":"pl-PL","potentialAction":[{"@type":"ReadAction","target":["https:\/\/www.20000miles.pl\/index.php\/map\/"]}]},{"@type":"BreadcrumbList","@id":"https:\/\/www.20000miles.pl\/index.php\/map\/#breadcrumb","itemListElement":[{"@type":"ListItem","position":1,"name":"Strona g\u0142\u00f3wna","item":"https:\/\/www.20000miles.pl\/"},{"@type":"ListItem","position":2,"name":"MAP"}]},{"@type":"WebSite","@id":"https:\/\/www.20000miles.pl\/#website","url":"https:\/\/www.20000miles.pl\/","name":"20 000 Miles | Rodzina w podr\u00f3\u017cy dooko\u0142a \u015bwiata","description":"Family traveling around the world","publisher":{"@id":"https:\/\/www.20000miles.pl\/#\/schema\/person\/f6b5fd54d8ee81b37e07fbf618d226d2"},"potentialAction":[{"@type":"SearchAction","target":{"@type":"EntryPoint","urlTemplate":"https:\/\/www.20000miles.pl\/?s={search_term_string}"},"query-input":{"@type":"PropertyValueSpecification","valueRequired":true,"valueName":"search_term_string"}}],"inLanguage":"pl-PL"},{"@type":["Person","Organization"],"@id":"https:\/\/www.20000miles.pl\/#\/schema\/person\/f6b5fd54d8ee81b37e07fbf618d226d2","name":"Maja","image":{"@type":"ImageObject","inLanguage":"pl-PL","@id":"https:\/\/www.20000miles.pl\/#\/schema\/person\/image\/","url":"https:\/\/secure.gravatar.com\/avatar\/2e607e380d513b69aaf75f81872193d84769829b0b287528fc01d65e3292e90f?s=96&d=mm&r=g","contentUrl":"https:\/\/secure.gravatar.com\/avatar\/2e607e380d513b69aaf75f81872193d84769829b0b287528fc01d65e3292e90f?s=96&d=mm&r=g","caption":"Maja"},"logo":{"@id":"https:\/\/www.20000miles.pl\/#\/schema\/person\/image\/"}}]}},"_links":{"self":[{"href":"https:\/\/www.20000miles.pl\/index.php\/wp-json\/wp\/v2\/pages\/539","targetHints":{"allow":["GET"]}}],"collection":[{"href":"https:\/\/www.20000miles.pl\/index.php\/wp-json\/wp\/v2\/pages"}],"about":[{"href":"https:\/\/www.20000miles.pl\/index.php\/wp-json\/wp\/v2\/types\/page"}],"author":[{"embeddable":true,"href":"https:\/\/www.20000miles.pl\/index.php\/wp-json\/wp\/v2\/users\/2"}],"replies":[{"embeddable":true,"href":"https:\/\/www.20000miles.pl\/index.php\/wp-json\/wp\/v2\/comments?post=539"}],"version-history":[{"count":4,"href":"https:\/\/www.20000miles.pl\/index.php\/wp-json\/wp\/v2\/pages\/539\/revisions"}],"predecessor-version":[{"id":1133,"href":"https:\/\/www.20000miles.pl\/index.php\/wp-json\/wp\/v2\/pages\/539\/revisions\/1133"}],"wp:attachment":[{"href":"https:\/\/www.20000miles.pl\/index.php\/wp-json\/wp\/v2\/media?parent=539"}],"curies":[{"name":"wp","href":"https:\/\/api.w.org\/{rel}","templated":true}]}}